pose 3*l = b - 7. Calculate the greatest common divisor of l and 13.
13
Let v be (-1)/11*-46 + 20/(-110). Suppose -u = v*u + 2*j - 38, 12 = 3*j. What is the highest common factor of u and 10?
2
Let z = -261 + 299. Calculate the highest common divisor of z and 342.
38
Let s(b) = -30*b**3 - 3*b - 3. Let c be s(-1). Let d be ((-276)/(-28) + 3)/((-2)/(-42)). What is the highest common divisor of c and d?
30
Let j(w) = 2*w**2 + 12*w + 3. Let y be j(-6). Suppose -228 = 352*n - 356*n. What is the greatest common factor of n and y?
3
Let y = -39 - -66. Let k be 21/(-35) - (-3)/5. Suppose k*g = 3*g - y. Calculate the greatest common divisor of g and 36.
9
Suppose 4*u - 2*f - 3 = 7, -3*u - 5 = f. Suppose u*v + 4*v - 84 = 0. Let j = v + -15. What is the greatest common divisor of j and 6?
6
Let v = 1160 + -1093. What is the greatest common divisor of 1541 and v?
67
Let g(m) = -26*m - 2. Let f be g(-5). Let j = f + -84. Let q be (-2 + 5)/((105/550)/7). Calculate the highest common divisor of q and j.
22
Let l = -260 - -164. Let z be 11/(33/(-2))*l. What is the greatest common factor of 16 and z?
16
Suppose k - 16 - 9 = 0. Suppose -r - 2*l + 2 = -1, -5*r - 3*l + 29 = 0. Suppose 2*p + 25 = r*p. What is the highest common factor of k and p?
5
Let m(h) = -2*h**3 + 14*h**2 + 18*h - 5. Let o be m(7). Calculate the highest common divisor of o and 3751.
121
Suppose u - 170 = -4*u. Suppose 17*c = 4*c + 3978. What is the highest common factor of c and u?
34
Let r be 75/65 + -1 - (-93)/(-13). Let n be r/(-4) + (-11)/(-44). Calculate the highest common factor of 22 and n.
2
Suppose 2*c - 5*p = 37, c - 13 = 3*p + 4. Let w = -11 + 24. Calculate the highest common divisor of w and c.
13
Let t = 1608 + -1589. Let j = 13 + -12. What is the greatest common factor of t and j?
1
Let v(k) = -k**2 - 6*k - 3. Let h be v(-5). Suppose 0 = -4*c - 2 + 14. Suppose -4 = -c*u + h*u. What is the greatest common divisor of u and 2?
2
Let h(n) = -n**3 - 11*n - 12. Let i be h(-4). Calculate the greatest common divisor of i and 78.
6
Let p = -162 + 97. Let w = 91 + p. Suppose 14*r = -7*r + 6006. Calculate the highest common factor of r and w.
26
Suppose 2*l = -2*l + 300. Suppose 3*m = -f + l + 37, 3*m - 142 = 5*f. What is the greatest common factor of m and 13?
13
Let b = 163 - 306. Let n = b - -194. Calculate the highest common divisor of n and 3.
3
Let z(o) = o**3 - 6*o**2 + 4*o + 28. Let c be z(4). What is the highest common factor of 9 and c?
3
Let i(a) be the third derivative of 5*a**4/4 + 2*a**2. Let x be i(2). Let m(z) = 14*z**3 - z + 2. Let t be m(1). What is the highest common factor of x and t?
15
Suppose 45 + 27 = -4*p. Let c = p - -39. Suppose 3*i - 35 = -2*i. What is the highest common divisor of i and c?
7
Let t(x) be the first derivative of x**4/4 + 11*x**3/3 + 13*x**2/2 + 34*x + 3. Let b be t(-10). Calculate the highest common divisor of b and 2.
2
Let d(p) = -16*p - 56. Let r be d(-18). What is the greatest common divisor of r and 174?
58
Suppose 0 = 6*k - 17*k - 11. Let r be 3*k*320/(-60). Let f = 7 + 17. What is the highest common factor of r and f?
8
Suppose -50 = -7*g + 307. Calculate the highest common factor of 68 and g.
17
Suppose -125*u = -120*u - 15. Let o = 95 - 56. Calculate the greatest common factor of o and u.
3
Let j = 12 + -25. Let u = 0 - j. Suppose -5*f + 0*f + 5*v + 575 = 0, -355 = -3*f - 2*v. Calculate the highest common factor of u and f.
13
Suppose 14*g - 471 = -135. Let z be ((-2)/(-6))/(4/72). Calculate the greatest common factor of g and z.
6
Let x(a) = -2*a**2 - 31*a - 14. Let i be x(-15). Suppose -i - 12 = -3*y + 5*m, 0 = -3*y + 3*m + 21. Calculate the highest common factor of 77 and y.
11
Let b(u) be the first derivative of 27*u**2/2 - 10*u + 11. Let z be b(2). Let l be (10 + 1)*(-1)/(-1). Calculate the highest common factor of l and z.
11
Let h be 105/(-1 + (3 - 1)). Suppose 4 = 4*u, -3*z - 5*u + 17 + 30 = 0. Let r = z - -1. What is the greatest common divisor of r and h?
15
Let z be -4*3/(-36) - 6/(-9). Let g be z/((-3)/9) - -27. What is the highest common divisor of g and 96?
24
Suppose 2*n + 108 = -4*r + 3*n, 0 = -n + 4. Let s = 22 + r. Let w be s/((-4)/65) + 0. What is the greatest common divisor of 26 and w?
13
Let w = 11 + 8. What is the greatest common divisor of 152 and w?
19
Let v be ((-1)/(2/108))/1. Let o = -29 - v. Calculate the greatest common factor of o and 5.
5
Let u = 9 - 13. Let j = 233 - 262. Let r = u - j. Calculate the highest common divisor of 25 and r.
25
Let f be (((-300)/16)/(-5))/((-11)/(-1716)). Calculate the greatest common factor of 130 and f.
65
Let q = -999 - -1035. Calculate the highest common divisor of q and 1044.
36
Let m = -16 - -6. Let c be 108/30*m/(-1). Suppose c = g + g. What is the greatest common factor of g and 180?
18
Let y = -14 - 4. Let j be ((-324)/y)/(4/2). Calculate the highest common divisor of 3 and j.
3
Let v = 54 - 16. Let j = 3113 + -3075. What is the greatest common divisor of j and v?
38
Let p be (25/10)/((-452)/(-144) - 3). What is the greatest common factor of 279 and p?
9
Let p = -11 + 16. Suppose 3*z + 4*d - 2*d - 130 = 0, z - d = 45. Let m be z/36*-3*-15. What is the greatest common divisor of p and m?
5
Suppose 0*q + 4 = 4*q. Let k(r) = 9*r**2 - 127*r + 22. Let h be k(14). Calculate the greatest common divisor of h and q.
1
Let c(y) = y**3 + 8*y**2 - 19*y - 85. Let b be c(-7). Calculate the greatest common divisor of 388 and b.
97
Suppose 3*n = 6*n, -3*a + 51 = -n. Let j(s) = s**3 + 10*s**2 + 9*s + 12. Let v be j(-8). Calculate the greatest common divisor of v and a.
17
Let n be 4/10*(-8 - -18). Calculate the highest common factor of 100 and n.
4
Let d(y) = -12*y - 47. Let r be d(-6). Let b = 55 - r. What is the highest common divisor of b and 30?
30
Let l be (36/16)/((-1)/4). Let c(d) = d + 9. Let y be c(l). Suppose 3*s + 3*s - 90 = y. Calculate the highest common factor of s and 75.
15
Let h(q) be the second derivative of -3*q**5/10 + q**4/6 + 4*q**3/3 + 2*q**2 + 2*q. Let a be h(-2). What is the greatest common divisor of a and 22?
22
Suppose 753*p - 755*p + 54 = 0. Calculate the highest common divisor of p and 864.
27
Let d = 5 - 30. Let l be d/(-3) - (-3)/(-9). Calculate the highest common factor of l and 12.
4
Let n(v) = v**3 - 9*v**2 - 9*v + 2. Let b be n(10). Let s = b + -7. Suppose 0 = -s*m + 3*m + 30. Calculate the greatest common divisor of 30 and m.
15
Suppose -3*u - 35 - 55 = 0. Let q = 58 + u. Calculate the highest common divisor of q and 4.
4
Let s be 448/96*18/7. What is the greatest common factor of s and 3?
3
Let g be (-21)/14 - (-350)/4. Let d = -72 + g. Let r(m) = m**2 - 5*m + 8. Let j be r(6). What is the greatest common divisor of d and j?
14
Let v(p) = p**2 + 9*p + 28. Let r be v(-7). Calculate the greatest common divisor of 154 and r.
14
Let l(z) = z**2 + 17*z + 19. Let x be l(-16). Suppose -b - x*b = j - 72, 4*b = 4*j - 228. Calculate the greatest common divisor of 24 and j.
12
Let q(c) = -2*c + 17. Let u be q(-6). Let g = -17 + u. Let j be (-3 - 0)*(-136)/g. What is the greatest common factor of 204 and j?
34
Let h be 664/48 + -1 + 14/12. Calculate the greatest common factor of 21 and h.
7
Let y = 372 + -252. What is the greatest common factor of y and 24?
24
Let y be -1 + 2 - (-304 - 37). Calculate the greatest common divisor of 76 and y.
38
Let y = 12 - 8. Suppose -y*u - 81 - 151 = 0. Let t = u - -113. Calculate the greatest common divisor of 5 and t.
5
Let s(m) = -3*m + 9. Let p be s(3). Suppose -4*i - 5*f + 630 = p, i - f - 182 = -20. What is the greatest common divisor of i and 64?
32
Suppose -11*f - 23 + 1 = 0. Let c be (-15 - -21)/((-1)/f). Calculate the highest common factor of c and 12.
12
Let z(x) = x**2 - 18*x - 33. Let f be z(20). Calculate the greatest common divisor of 91 and f.
7
Suppose -6 = 8*m - 110. What is the greatest common divisor of 728 and m?
13
Let o = -269 + 293. Calculate the highest common factor of o and 51.
3
Suppose 0 = 4*d + 9 - 53. Let a = 38 + -35. Suppose 2*l - 267 = -3*l + 2*x, 0 = a*x - 12. Calculate the highest common divisor of d and l.
11
Let k be 38 + (-13 - 10) + 7/(-1). What is the highest common factor of k and 392?
8
Let p be 7 + (-38583)/(-45) + 4/(-10). Calculate the greatest common factor of p and 72.
72
L